7221?
1873
Calculate the highest common divisor of 98729410 and 260.
130
What is the highest common factor of 30200 and 36775?
25
What is the greatest common divisor of 12446528 and 71118?
878
What is the highest common factor of 2330 and 21642205?
1165
What is the highest common factor of 129530 and 12930?
10
Calculate the highest common factor of 21336 and 5267325.
2667
What is the greatest common divisor of 1482 and 33867861?
57
Calculate the greatest common divisor of 3420 and 509508.
36
Calculate the greatest common factor of 2183 and 610759.
37
What is the highest common divisor of 322 and 6750947?
7
Calculate the greatest common factor of 2788 and 607444.
68
What is the greatest common divisor of 138158 and 9398?
74
Calculate the greatest common factor of 26225098 and 602.
86
What is the highest common divisor of 2916 and 350856?
36
What is the greatest common divisor of 326457 and 1369899?
3051
What is the highest common factor of 8178894 and 4617?
243
What is the greatest common factor of 23184 and 43464?
24
Calculate the highest common divisor of 1279 and 35251798.
1279
Calculate the greatest common factor of 173 and 51818171.
173
Calculate the greatest common divisor of 2067 and 793767.
39
What is the greatest common factor of 50122647 and 204?
51
What is the highest common divisor of 355034 and 3686?
38
What is the highest common factor of 5054 and 4839566?
722
What is the highest common divisor of 74 and 236515988?
74
Calculate the greatest common factor of 8760 and 175217958.
438
What is the highest common factor of 368 and 37857494?
46
Calculate the highest common divisor of 128308332 and 12.
12
Calculate the highest common divisor of 928323 and 15543.
99
What is the greatest common divisor of 1463 and 13449625?
133
Calculate the greatest common divisor of 187088 and 801108.
44
Calculate the greatest common divisor of 525 and 83920200.
525
Calculate the greatest common divisor of 31911649 and 161.
161
What is the greatest common divisor of 3564 and 136593?
27
Calculate the greatest common factor of 408075692 and 38.
38
What is the highest common divisor of 70 and 253231390?
10
Calculate the greatest common factor of 5853960 and 105630.
210
Calculate the greatest common divisor of 44 and 9538078.
22
Calculate the greatest common divisor of 8490266488 and 9097.
9097
What is the greatest common divisor of 4754172 and 36?
12
Calculate the greatest common divisor of 312330609 and 59544.
7443
What is the highest common divisor of 5416 and 6435562?
1354
What is the highest common divisor of 546 and 797454?
42
Calculate the highest common factor of 695 and 57207535.
695
Calculate the highest common factor of 28 and 9734636.
4
What is the highest common divisor of 272 and 24402837?
17
Calculate the highest common factor of 3248250 and 1098.
366
Calculate the highest common factor of 508 and 167057578.
254
What is the highest common factor of 785 and 195258545?
785
What is the highest common factor of 59082 and 59598?
258
What is the greatest common factor of 364 and 3284567?
13
Calculate the greatest common factor of 710 and 171837040.
710
What is the greatest common factor of 20033058 and 3515?
37
Calculate the highest common divisor of 2441736 and 13464.
792
What is the highest common factor of 220921011 and 108?
9
Calculate the greatest common divisor of 97796783 and 7.
7
Calculate the greatest common factor of 2691452 and 16.
4
What is the highest common divisor of 793 and 2596709?
61
What is the highest common divisor of 26939 and 458304?
341
Calculate the highest common divisor of 580 and 8129164.
116
What is the highest common factor of 238 and 7232701?
119
Calculate the highest common divisor of 9877062 and 1946.
278
What is the greatest common divisor of 165902177 and 7?
7
Calculate the highest common factor of 6306310 and 3980.
1990
What is the highest common factor of 6298386 and 456?
114
What is the greatest common divisor of 1551 and 1727902?
11
What is the highest common factor of 16443132 and 84?
12
Calculate the highest common factor of 11158 and 69986.
14
Calculate the highest common divisor of 680 and 23133430.
170
What is the greatest common factor of 11984007 and 63?
21
What is the greatest common factor of 51925252 and 22876?
3268
Calculate the highest common factor of 2815 and 22621903.
563
What is the greatest common factor of 1037 and 1141397?
17
Calculate the highest common divisor of 3533664 and 200.
8
What is the highest common factor of 1634315 and 10?
5
Calculate the highest common factor of 490897238 and 628.
314
What is the highest common divisor of 7638 and 1007646?
114
Calculate the highest common factor of 52492612 and 2851.
2851
What is the greatest common divisor of 2798676 and 14739?
867
What is the highest common factor of 112758226 and 1145?
229
Calculate the highest common divisor of 164 and 315562732.
164
What is the highest common factor of 193726884 and 184?
92
Calculate the highest common factor of 3488 and 1621714208.
3488
What is the greatest common divisor of 3337039 and 25069?
53
Calculate the highest common factor of 652819 and 174.
29
What is the greatest common divisor of 13787208 and 19080?
3816
What is the greatest common factor of 5464956 and 1634?
86
Calculate the greatest common divisor of 20 and 6198230.
10
What is the highest common divisor of 3443177568 and 5548?
5548
What is the highest common divisor of 1381492 and 385?
7
Calculate the highest common divisor of 184800 and 15083600.
2800
What is the greatest common divisor of 123312144 and 96?
48
Calculate the greatest common divisor of 10455772 and 72.
4
What is the highest common factor of 58908388 and 7476?
2492
What is the greatest common divisor of 794515 and 185589?
1213
Calculate the greatest common factor of 13390191 and 1215.
81
Calculate the highest common factor of 46 and 35875561.
23
What is the greatest common divisor of 105914920 and 260?
20
Calculate the greatest common divisor of 13199 and 500183.
197
What is the greatest common divisor of 125095164 and 4332?
4332
What is the highest common divisor of 2787056 and 3269?
467
What is the greatest common factor of 210491580 and 138930?
12630
Calculate the greatest common divisor of 24956 and 5.
1
Calculate the greatest common divisor of 401530930 and 8611.
8611
What is the highest common divisor of 10502195 and 440?
55
What is the highest common factor of 507687642 and 1134?
378
What is the highest common divisor of 52110422 and 104?
26
What is the greatest common divisor of 525 and 2660595?
105
What is the greatest common factor of 187 and 18910613?
17
What is the greatest common divisor of 686 and 26389734?
686
Calculate the highest common factor of 600489189 and 279.
279
Calculate the highest common divisor of 153 and 326285451.
9
Calculate the greatest common divisor of 41218 and 1961.
37
What is the greatest common factor of 201649 and 119?
7
What is the greatest common divisor of 165 and 254792505?
165
Calculate the highest common factor of 1824 and 3245504.
608
What is the greatest common divisor of 1455820 and 39840?
1660
Calculate the greatest common divisor of 35433 and 7223887.
127
Calculate the greatest common divisor of 684 and 1371954.
6
Calculate the highest common factor of 6 and 19592514.
6
What is the highest common divisor of 1606594 and 99704?
2266
What is the greatest common divisor of 7561122 and 687?
687
Calculate the highest common factor of 2987607 and 105.
21
Calculate the highest common factor of 189 and 4792122.
27
What is the greatest common divisor of 70394432 and 15226?
662
Calculate the greatest common divisor of 205115 and 1260.
5
Calculate the greatest common factor of 183472247 and 6398.
3199
Calculate the highest common factor of 53603358 and 173.
173
Calculate the highest common factor of 4431544 and 520.
104
What is the highest common divisor of 1009513 and 301163?
457
Calculate the greatest common divisor of 2875 and 2048000.
125
Calculate the greatest common factor of 781079 and 143.
13
What is the greatest common factor of 5128 and 69536962?
1282
What is the highest common factor of 7 and 126951524?
7
Calculate the highest common divisor of 192257 and 125557.
23
Calculate the greatest common divisor of 4623 and 10039615.
